*l - 8. Let u be p(-6). What is the highest common divisor of u and r?
4
Let o be (-576)/(-20)*50/15. Calculate the greatest common factor of o and 12.
12
Let j(q) = -q**3 - 9*q**2 - 17*q + 1. Let k be j(-7). What is the greatest common divisor of k and 198?
22
Suppose 0*o - o - 5 = 0. Let y = -1 - o. Suppose y = -4*w + 28. What is the greatest common divisor of w and 54?
6
Let p be 1/(((-3)/6)/(-1)). Suppose 0 = p*h + h - 9. What is the highest common factor of 24 and h?
3
Suppose 4*t - 86 - 54 = 0. Calculate the greatest common divisor of t and 70.
35
Suppose 5*y = 4*l - 157, 0*l - l = -2*y - 37. Let i be l + (1 - -1 - 1). Let w = 9 - 5. What is the greatest common divisor of i and w?
4
Suppose -w = 4*w + 3*n + 1, -2*w + 3*n + 8 = 0. What is the greatest common divisor of w and 7?
1
Let r(m) = 3*m + 12. Let f be r(-12). Let s = 31 + f. What is the highest common factor of 28 and s?
7
Let w(x) = 2*x**2 - 5*x - 5. Let l be w(5). Let j(p) = -p - 1. Let a be j(-6). Calculate the greatest common factor of a and l.
5
Let p be 44/(-8) + (-1)/(-2). Let o = 8 + p. Suppose -2*n - j + 52 = 0, 127 = 4*n - 4*j + 11. What is the greatest common divisor of o and n?
3
Let o(g) = -g**3 - 20*g**2 - 28*g - 10. Let y be o(-19). Let c(v) = 7*v + 2. Let d be c(3). What is the highest common divisor of d and y?
23
Suppose -8 + 28 = 5*m. Let t(b) = 19*b + 1. Let f be t(m). What is the greatest common factor of f and 7?
7
Let l(n) = -2 + 5*n**3 + 5 - n + 8*n**3 - n**2 - n. Let h be l(2). Calculate the highest common divisor of 9 and h.
9
Suppose 0 = -4*i - 12, 4*g + 3*i - 3 = 8. Suppose 46 = 2*c + 4*s + s, -g*c + 73 = 2*s. Calculate the greatest common factor of 91 and c.
13
Let q = -1 + 7. Suppose 10 = 3*m - 2. Let y be m/12 + 160/q. Calculate the greatest common divisor of y and 297.
27
Let o be 6 + 340 + (2 - -4). Let k(a) = 32*a**3 - a + 1. Let v be k(1). What is the greatest common divisor of o and v?
32
Let o = 11 + -3. Let k = o - 4. What is the highest common factor of k and 32?
4
Suppose 2*p - 3*p = 5*r - 78, -4*p = r - 407. Let a = p + -67. Calculate the highest common divisor of 24 and a.
12
Let b = 39 - 34. Suppose -264 = -5*a - 64. What is the highest common divisor of a and b?
5
Let v(g) = 52*g**3 - g**2 + 2*g - 1. Let d be v(1). Suppose -m - 8 = -5*t + 54, 3*t - 42 = -m. What is the highest common divisor of t and d?
13
Let c(a) = -a**3 - 4*a**2 + 3*a + 26. Let o be c(-3). Let q be (16/3)/((-2)/(-33)). What is the highest common factor of q and o?
8
Let r be 0 + (-2 - 0/1). Let o = 3 + r. What is the greatest common factor of o and 7?
1
Suppose -y + 3*q = -2, 2*y + 3*q = -y + 66. Let a be (-16)/(-4 - -8) - -191. Calculate the greatest common divisor of y and a.
17
Suppose 0*l = 6*l - 12. What is the greatest common factor of l and 3?
1
Let c = 8 + -17. Let g be (-1384)/c - (-2)/9. Calculate the highest common divisor of 22 and g.
22
Let k = 33 + -20. Let t = k - 8. Suppose t*j + 60 = 5*z, -4*j + 5 = 2*z - 1. Calculate the greatest common divisor of z and 9.
9
Suppose 48 + 48 = 4*j + 2*m, 4*m = -4*j + 88. Calculate the highest common factor of 182 and j.
26
Let w be 2/1 + -4 - -6. Let x(l) = l**3 + 5*l**2 - 7*l + 4. Let m be x(-6). Calculate the highest common divisor of m and w.
2
Let d = -156 + 228. Let q(h) = 7*h**2 + 1. Let u be q(-1). Calculate the highest common divisor of u and d.
8
Let n(d) = -d**2 + 5*d. Let p = -2 + 5. Let m be n(p). Calculate the highest common divisor of m and 42.
6
Suppose -3*s + 5*z - 7 - 3 = 0, s - 2*z = -5. Suppose -s*y + 84 = -3*h, 5*y + 3*h = -h + 63. Calculate the highest common factor of y and 3.
3
Suppose 6*z - 3*z - 333 = -3*i, 0 = -i - 5*z + 99. Let c be 1 + 19 - (2 - 1). What is the highest common divisor of c and i?
19
Let f(w) = 18*w. Let q be f(3). Let a be 6*8/(-3)*2. Let r = a + q. Calculate the greatest common factor of r and 33.
11
Let s be 27/(-12)*16/(-6). Calculate the highest common divisor of 30 and s.
6
Suppose -6*g + 7*g - 5 = 0. Suppose -634 = -g*l - 4*w, 0 = l + w - 116 - 11. What is the greatest common factor of l and 18?
18
Let h be 1341/((-12)/(-4)) + 3. Suppose 3*r = -2*r + h. Calculate the highest common factor of 36 and r.
18
Let i = -84 - -140. Suppose 0*m - 3*m - 19 = -l, 0 = 3*l - 3*m - 33. What is the greatest common factor of l and i?
7
Let k be 1 + -3 - 80/(-2). What is the greatest common factor of k and 342?
38
Let s = -50 - -65. What is the highest common divisor of 9 and s?
3
Let y(b) = -2*b - 5. Let p be y(-4). Let h be ((-4)/10)/((-1)/(-30)). Let v = 18 + h. Calculate the highest common divisor of p and v.
3
Let w be (21/(-6))/((-1)/4). Suppose 3*u + 3*p - 11 = 10, -2*u - 3*p = -w. Calculate the greatest common divisor of 56 and u.
7
Suppose -42 = -g - 2*g. Let k be 2 + 0 + -3 - 60/(-4). What is the highest common factor of k and g?
14
Suppose 5*a + 3*x = -1 - 1, -4*a = -x - 12. Calculate the highest common divisor of 6 and a.
2
Suppose y - 1 = -0*y. Suppose -v - y = -3. Suppose v = j - 6. Calculate the highest common factor of 1 and j.
1
Let j be (-3)/(-6)*58 + -5 + 8. Calculate the greatest common factor of j and 96.
32
Suppose f = j - 6*j + 49, -4*f = -2*j + 2. Let s be (-6)/9 + 42/j. What is the highest common divisor of 16 and s?
4
Let d be (8/(-3))/((-1)/24). Let s = -9 - -3. Let k be (32/s)/(3/(-9)). Calculate the highest common factor of d and k.
16
Suppose -12*y - 27 = -15*y. What is the highest common divisor of 6 and y?
3
Let t be 3 + -5 - (2 + -40). Suppose 8*c = 3*c + 270. Calculate the greatest common factor of c and t.
18
Let y = -26 + 41. Suppose 4*h = -c + 660, 660 = 4*h - 2*c + 4*c. Calculate the highest common divisor of y and h.
15
Suppose 5*t + 8 + 2 = 2*z, z = 4*t - 1. Let l = 30 - z. Suppose -5*y - 3*s + 540 = 0, s = -2*y + 6*y - 415. What is the highest common divisor of y and l?
15
Suppose -3*y = -6, -2*m + 237 + 27 = 2*y. Calculate the greatest common factor of 10 and m.
10
Suppose 5*o - 1260 = -9*o. Calculate the highest common factor of 18 and o.
18
Let d(h) = 2*h + 5. Let k be d(4). Calculate the highest common divisor of k and 91.
13
Let h = 24 - 13. Suppose c - 3 = 21. Suppose -9 = -3*y + c. Calculate the highest common divisor of y and h.
11
Let b(x) = -x**3 - 23*x**2 - 21*x + 30. Let r be b(-22). Calculate the greatest common factor of r and 2.
2
Suppose 4*q = 2*q + 18. Let b(g) = g**2 - 8*g - 6. Let h be b(9). What is the highest common divisor of h and q?
3
Suppose 2*z + 0*d + 2*d = 6, 2*d + 34 = 3*z. Suppose g - z = 3. What is the highest common divisor of g and 1?
1
Let o = -5 - -7. Let y(f) = -f**2 - f + 3. Let q be y(0). Suppose -p + q*s = -22, 4*p + 2*s - 28 = 32. Calculate the highest common factor of p and o.
2
Let p be (1/1)/(2/10). Let a = -2 + p. Suppose -4*v - 75 = -9*v. Calculate the greatest common divisor of a and v.
3
Suppose 3*t + 2*m - 462 = -0*t, -462 = -3*t + 4*m. Calculate the greatest common factor of t and 14.
14
Let i = 41 - 9. What is the highest common divisor of i and 48?
16
Let d be 3*1*(-1)/(-3). Let c(p) = p**2 - 11*p - 4. Let u be c(10). Let h be (12/u)/(d/(-28)). What is the highest common factor of h and 48?
24
Let n = 6 + -4. Let c = -9 + 11. Suppose k = -2*s + c + 22, -n*k + 6 = s. Calculate the highest common factor of 7 and s.
7
Let b = 175 - 119. Let a = -34 + b. What is the greatest common divisor of a and 11?
11
Suppose 20 = 5*b + 5*r, -7 - 7 = -2*b - 4*r. Let i be 2*(-2 + 15/6). Let n be (1 - 2) + 2 + i. What is the greatest common factor of n and b?
1
Let f(a) = -a + 6. Suppose 0 = -5*m + 2*m - 18. Let x be f(m). What is the greatest common factor of x and 36?
12
Suppose u = 2*q + 3*q + 43, -2*u + 5*q = -106. Calculate the greatest common factor of u and 21.
21
Let s(z) = 2*z**2 - 2*z - 2. Let t be s(2). Let f be t/(-8) - 75/(-12). Suppose 4*i - f - 54 = 0. Calculate the highest common factor of 3 and i.
3
Let c = 7 - 6. Let s be (-48)/c*6/(-9). What is the highest common divisor of s and 48?
16
Let l(v) = -v**2 + 5*v - 2. Let i be l(3). Suppose 5*b - 44 = -i*y, -6 + 26 = -5*y. Calculate the highest common divisor of b and 12.
12
Suppose -80 = -n - 3*n. Let q be (40/6)/(1/3). Calculate the highest common divisor of n and q.
20
Suppose -2 = -0*y - y. Let s be (y - (2 + -3)) + -2. Calculate the greate